 highest common factor of v and 132.
44
Let x(l) = 9*l - 52. Suppose f + 21 = 4*z, 9*f - 3 = -z + 10*f. Let h be x(z). What is the highest common factor of 8 and h?
2
Let i = -1696 + 2206. What is the greatest common divisor of i and 30?
30
Suppose 6*a = 18 + 6. Let g be ((a/(-4))/(-3))/(3/99). Calculate the greatest common factor of g and 22.
11
Suppose 0 = -7*l + 5*l - 3*k + 25, 0 = -5*k - 25. Calculate the highest common factor of 380 and l.
20
Suppose 4 = 4*p - 12. Suppose -16*m = -11*m + 25, -3*m - 3 = q. What is the highest common divisor of q and p?
4
Let r be ((-22)/4 - -1)*-40. Let z be (5 + 3)/((10/18)/5). Calculate the greatest common factor of z and r.
36
Let t be (23/(-23))/((-1)/(-55)). Let q be (-5)/((-5)/1) - t. Calculate the greatest common divisor of 8 and q.
8
Suppose -4*h = 2*f - 96, -4*f + 9*f - 3*h - 266 = 0. What is the highest common factor of 234 and f?
26
Let o(n) = n**3 - 51*n**2 + 3*n - 71. Let k be o(51). Calculate the highest common divisor of k and 4.
2
Suppose -5*x - 5*l + 810 = 0, l - 4*l = -2*x + 314. Let k = -88 + x. Calculate the greatest common divisor of k and 8.
8
Let l = -438 + 487. Calculate the highest common divisor of l and 35.
7
Let c be 57 - (2 - (-3 + 6)). Let b be (1 - (-57)/2) + (-1)/2. Calculate the highest common factor of c and b.
29
Suppose 2*i + 19*z - 18*z - 86 = 0, -5*i - 4*z + 209 = 0. What is the greatest common factor of 27 and i?
9
Let h be -1*(0 + 0 + -1). Let a(n) = n**2 + n**3 - 10*n**2 - 7*n + 2*n**2 - 1. Let g be a(8). What is the greatest common factor of g and h?
1
Let p(h) = -11 - h + 2 + 8*h. Let b be p(7). Calculate the greatest common factor of b and 5.
5
Let i(g) = -g**2 + 13*g - 14. Let a be i(13). Let z be ((21/3)/a)/((-1)/2). Calculate the highest common factor of z and 2.
1
Let n = 0 + 1. Let j be (-4)/(-2 + 0 + 1). Suppose -6*c - j*c + 40 = 0. What is the highest common factor of c and n?
1
Let z = -13 - -9. Let w = 12 + z. Let o = 65 - 45. What is the greatest common divisor of o and w?
4
Let s(q) = -59*q - 3471. Let u be s(-60). Suppose 3*c - 62 = 76. What is the highest common factor of c and u?
23
Let c = -1747 - -2263. Calculate the highest common factor of c and 60.
12
Let h = 2709 - 1707. Calculate the greatest common factor of 12 and h.
6
Let h be 2274/18 + 3/(-9). Let g = h - 105. Let c be ((-42)/4)/(6/(-8)). What is the greatest common factor of c and g?
7
Suppose -6*m - 75 = -387. Calculate the highest common factor of 8 and m.
4
Let s be (1 + -3 + 4)/((-1)/(-2)). Suppose 0 = 2*o - s*q - 40, 2*o - q - q - 30 = 0. Let t = 12 - 2. What is the greatest common divisor of t and o?
10
Let r(f) = 7*f**2 - f. Let h be r(1). Let g be -2*((-3)/h + 2). Let o be (g - -1)/((-8)/32). What is the greatest common factor of o and 12?
4
Suppose 4*y - 4*u - 60 + 20 = 0, 5*y + 4*u - 14 = 0. Suppose 34 = -4*g + y*g. What is the greatest common factor of 119 and g?
17
Suppose 41*i - 23*i = 9288. What is the greatest common divisor of i and 24?
12
Let s be 126/4 + (-4)/(-8). Suppose -3*a + 3*i - s = -410, 630 = 5*a - 3*i. Suppose -j = -36 + 18. Calculate the highest common divisor of j and a.
18
Suppose -4*h + 80 = 3*i, 7*h - 26 = -i + 6*h. Calculate the highest common factor of i and 984.
24
Suppose 205 + 320 = 7*g. What is the highest common divisor of 175 and g?
25
Let t(g) = g**2 + 22*g + 167. Let z be t(-13). What is the highest common divisor of z and 10?
10
Let j be (0 + 0)*(7 + -6). Suppose j = 4*k - 15 - 25. Let f = 6 + k. Calculate the highest common divisor of 8 and f.
8
Suppose v + 4*w = 6*v - 96, 4*w + 16 = 0. Let i(m) = m - 6. Let n be i(0). Let l be (-54)/3*8/n. Calculate the highest common factor of v and l.
8
Let m(a) = 3*a**2 - 10*a - 73. Let y be m(17). What is the highest common factor of y and 78?
78
Let q be 38 - (1 + 1 - 4). Let m = 4 - -1. What is the highest common divisor of q and m?
5
Let b(h) = 5*h + 5. Let o be b(-5). Let j = -3 - o. Suppose -3*m - j = -3*a - 2*m, 2*a - 28 = 4*m. Calculate the highest common factor of 6 and a.
2
Let n(s) be the second derivative of -s**4/12 + 7*s**3/6 - 2*s. Let v be n(6). What is the greatest common factor of 48 and v?
6
Suppose 167*p - 153*p = 728. Calculate the greatest common divisor of 442 and p.
26
Suppose 5*x = 4*r - 23, 5 = -3*x + 5*r - 14. Let n be 2/x - (-51)/9. Let y be 2 - (-10)/(n - 4). Calculate the greatest common factor of 2 and y.
2
Let x = 39 - 35. Suppose x*p - 24 - 4 = 0. Let r be (-2 + p)*112/20. Calculate the greatest common divisor of r and 224.
28
Let p be 2*(-24)/132 + (-488)/(-11). Suppose -3*g + 2*g + 2*q + 116 = 0, 5*g - 541 = -3*q. Calculate the greatest common factor of g and p.
22
Suppose 0 = 4*t + 4*g - 9*g - 6523, 4893 = 3*t - 3*g. Calculate the greatest common factor of 6 and t.
6
Suppose 7 = -3*r - 350. Let o = r - -191. Calculate the highest common divisor of 9 and o.
9
Let w = -12 + 87. Let l(u) = -9*u**2 - 2. Let k(b) = 5*b**2 + 1. Let j(t) = 11*k(t) + 6*l(t). Let y be j(4). Calculate the greatest common divisor of y and w.
15
Suppose -7*h + 278 = 40. Calculate the greatest common divisor of 731 and h.
17
Let d(x) = 4*x**2 + 253*x + 66. Let k be d(-63). Let n be 4/10 - 56/(-10). Calculate the greatest common divisor of n and k.
3
Let f = -300 + 376. Calculate the highest common factor of 57 and f.
19
Let h(k) = 37*k**3 - 3*k**2 + k. Let q be h(2). Let u be (104/(-10))/(10/(-25)). Calculate the highest common factor of u and q.
26
Let p(u) = -u**2 - u - 1. Let h be p(2). Let n be 572/(-20) + 4/(-10). Let r = h - n. Calculate the greatest common divisor of 242 and r.
22
Suppose -c = -5*s + s + 12, -s + 12 = 2*c. Suppose 514 = -574*w + 3958. What is the highest common divisor of w and c?
2
Let n be (88/44)/(4/426). What is the highest common divisor of n and 3?
3
Let t(j) = -j**3 - 6*j**2 - j + 4. Let s be t(-7). Suppose -10 = 5*u - 85. Calculate the highest common factor of s and u.
15
Suppose 64 = 43*u - 35*u. Calculate the greatest common factor of 16 and u.
8
Suppose 2*d = -4*d. Suppose -3*q + 69 - 45 = d. Calculate the greatest common factor of 72 and q.
8
Suppose 2*m = 4*n - 224, 2*m + 33 = 3*n - 136. Let f(x) = -3*x - 13. Let s be f(-6). Calculate the highest common divisor of s and n.
5
Suppose 3*p - 4*n - 242 = 0, -5*n + 10*n + 405 = 5*p. What is the greatest common divisor of p and 2?
2
Suppose -2*s = 16*s - 144. What is the greatest common divisor of s and 104?
8
Suppose 12 = -2*q + 5*o + 42, 3*o - 8 = -4*q. Suppose -4*b = q*y - 2147, y - 278 = -b + 259. Let u = -296 + b. What is the highest common divisor of u and 22?
22
Suppose -4*v = -v - 687. Suppose -5*i + 31 = -v. Let x = 76 - -2. Calculate the highest common divisor of i and x.
26
Let c(g) = 2*g**3 - 8*g**2 + 6*g + 4. Let p be c(5). Let f(n) = -n**3 + 3*n + 12. Let s be f(0). What is the greatest common factor of s and p?
12
Let o = 53 + -49. Suppose t + 13 = -k + 2*k, o*t - 68 = -4*k. Suppose -3*c = -2*c - 135. Calculate the highest common factor of c and k.
15
Let k = -821 - -905. Suppose u = 2*a - 44, 0*a = 3*a - 2*u - 64. Let i be (a/14)/((-3)/(-21)). Calculate the highest common divisor of k and i.
12
Suppose -5*j - 36 = -2*i, 0*j = -3*i + j + 80. Suppose 2*h - i = h. Let p be 1*14 + 10 + -10. What is the greatest common divisor of p and h?
14
Let g = 771 - -3099. Calculate the highest common factor of g and 30.
30
Let j(q) = q**3 - 3*q**2 - q + 5. Let g be j(4). Let d = 622 + -469. What is the highest common factor of g and d?
17
Let v(g) = 5*g**2 + 33 - 17*g - 9*g**2 + 3*g**2 + 4*g. Let b be v(-15). Calculate the greatest common factor of b and 3.
3
Let s(j) = 60*j**2 - j + 1. Let u be s(1). Let k be (-30)/(-8) - 4/(-16). Let d be ((-3 - 5) + k)*-10. What is the highest common divisor of d and u?
20
Let j be 5 + (-8)/(-76) + 2428/38. Calculate the greatest common divisor of j and 460.
23
Suppose -14 = -21*o + 322. What is the highest common factor of 20 and o?
4
Suppose 16*q = 8*q - 8. Let c be 6/21 - (q + 278/(-7)). Calculate the greatest common factor of c and 369.
41
Suppose -25 - 3 = -2*l. Suppose 112 = 18*n - l*n. Suppose r - 14 - 28 = 0. What is the highest common divisor of r and n?
14
Let d(x) = 89*x + 16. Let z be d(3). Suppose -v - v + 3*s + z = 0, -2*s = v - 145. What is the highest common div